- 6. Let j(k) = 3*k**2 - 4*k + 2. Let t be j(x). Let m(y) = -y + 8. What is the units digit of m(t)?
2
Let h = -3 - -5. Suppose -4*y = 2*n - 8, -5*n + h = -y + 2*y. Suppose -q - 3 + 14 = n. What is the units digit of q?
1
Suppose -16 = -y + 12. What is the units digit of y?
8
Let u = -7 + 13. Suppose u = l - 3. Let b = l + -2. What is the units digit of b?
7
Let z = 17 - 5. What is the units digit of z?
2
Let w(d) = 9*d - 15. What is the units digit of w(5)?
0
Suppose c = 4*i + 3*c - 106, 3*i + c - 79 = 0. What is the units digit of i?
6
Let l = 6 + -4. Let a = 3 + -2. Suppose l*s - 3 = -a. What is the units digit of s?
1
Let h = -9 + 0. Let i(c) = -2*c + 3. What is the tens digit of i(h)?
2
Suppose 0 = -0*o + o - 3*j + 3, 3*j - 48 = -4*o. Suppose 0 = -3*m - i + o, 5*i = 4*m + 3*i - 22. Suppose -4*s + 24 + m = 0. What is the units digit of s?
7
Let b be 296/56 - 4/14. Let x(d) = d**2 - 3*d + 6. Let a be x(b). Suppose 0 = u - 3 - a. What is the units digit of u?
9
Let a be 6/(5 - 2 - 1). Let f = a + -1. What is the units digit of f?
2
Let o be (-8)/(-20)*(-1 + 41). Suppose o = -3*n + 7*n. Suppose 0 = -4*t + 2*p + 28, n*t = p - 6*p. What is the units digit of t?
5
Suppose 0*q - 5*q = -190. What is the tens digit of q?
3
Suppose 3*v - 5 = -2*o, 0 = -4*o + o + 4*v + 16. Suppose -3*u + u = -2. Let g = o - u. What is the units digit of g?
3
Let o(c) = -2*c. Let x be o(0). Suppose x*g + 64 = 2*g. What is the units digit of g?
2
Let g(s) = s**3 - 14*s**2 + 15*s - 5. Let b be g(13). Let h = b + -35. Let p = h + 24. What is the tens digit of p?
1
Let h = 26 + -19. What is the units digit of h?
7
Suppose -2*p - 3*q = 22, 4*q = q - 12. Let u be (-3 - -13) + 0 + -1. Let v = p + u. What is the units digit of v?
4
Suppose -s + 3*p = -18, -3*s + 19 = -0*s - 2*p. Suppose 2*l + s*l = 10. What is the units digit of l?
2
Let d be -1*(2 + -4 + 0). Suppose -d*p - 3 = -3*t, 3*t - 7*t + p = -9. What is the units digit of t?
3
Suppose -q + 2*q - 1 = 0. Suppose 3*i + 2 = -4*t, q = 2*t - 1. Let w(o) = -o - 1. What is the units digit of w(i)?
1
Let l(y) = 2*y**3 + 3*y**2 + y - y**2 - 3*y**2. What is the tens digit of l(2)?
1
What is the units digit of 4/(-28) - (-15)/7?
2
Let z = 214 + -148. What is the units digit of z?
6
What is the units digit of (-3)/2*28/(-6)?
7
Suppose -n + 2*r + 9 = -r, -3*n + 15 = 3*r. Let y be (-3)/9 - 8/(-6). What is the units digit of n - (1 + y*-3)?
8
Suppose -2*c - 3*r + 1 = 0, 4*r - 3 = -2*c - r. What is the units digit of c/(((-3)/7)/3)?
7
What is the units digit of 3 + 2 + (-18)/(-3) + -3?
8
Let l(o) = -5*o + 4. Let c be l(2). Suppose a - 4*y - 7 = y, 0 = y. Let s = a + c. What is the units digit of s?
1
Let a = -25 - -40. Let g = a + -27. Let m = -7 - g. What is the units digit of m?
5
Suppose 4*g + 2*k = 92, -4*g + 94 = 2*k + k. What is the units digit of g?
2
Let k be (1 - (3 + -3)) + 9. Let c = k + 4. What is the tens digit of c?
1
Let b = 77 - 26. What is the units digit of b?
1
Let k be (-2)/(-7) + 4/(-14). Suppose 0 = -4*p - o + 120, -5*p + k*o + 125 = -5*o. Suppose -1 = 4*b - p. What is the units digit of b?
7
Let u(o) be the first derivative of o**2/2 + 9*o - 2. Let x be u(-7). Suppose 3*b + 10 = -s, x*s - 3*b = -s + 18. What is the units digit of s?
2
Let c(n) = -4*n - 6. Let s be c(-3). Let g(j) = 2*j - 6. What is the units digit of g(s)?
6
Let a(x) = x**2 - 8*x + 3. Let j be a(6). Let z be (2/(-3))/((-3)/j). What is the units digit of (z/6)/(1/(-3))?
1
Let f be 1/(-4) - (-58)/8. Let a(l) = -l**2 + 8*l - 2. Let j be a(f). What is the units digit of 2/4 + j/2?
3
Let p = 38 - 1. What is the tens digit of p?
3
Suppose 5*m + b - 49 = 2*b, b + 9 = m. Suppose -5*p + 5*d + 3 = -27, 2*p - 14 = 3*d. Suppose p*j + m = -x, -2*j = -3*x - j + 9. What is the units digit of x?
2
Let m(n) be the second derivative of -n**3/3 + 5*n**2/2 - 3*n. What is the units digit of m(-5)?
5
Suppose 175 + 137 = 4*n. What is the tens digit of n?
7
Suppose 0*d + 3*d - 3*t = -21, -3*d - 2*t - 21 = 0. What is the units digit of (d/(-14))/(1/18)?
9
Suppose 0 = -4*x - 2*z - 2*z + 4, 8 = -x - 4*z. Let n(j) = j**2 - 2*j + 2. Let g be n(x). What is the units digit of (-5)/(5/2) + g?
8
Suppose 0 = -w + 10 - 1. Suppose -o = 2*o - w. Suppose 0 = 2*n - 21 + o. What is the units digit of n?
9
Let u = 12 - 10. Suppose -7*s + u*s + 32 = -2*q, 2*s - 3*q - 15 = 0. What is the units digit of (-3)/9 + 20/s?
3
Let c(m) = m**2 + 9*m + 13. Let z be c(-10). Let q be -12 - 2/4*4. Let g = z + q. What is the units digit of g?
9
Let q = -66 + 168. What is the hundreds digit of q?
1
Let r be 40/25*20/(-8). Let v = 15 + -10. Let g = r + v. What is the units digit of g?
1
Let p(z) be the third derivative of -z**6/120 + 2*z**5/15 + 13*z**4/24 + z**3/2 - 2*z**2. What is the units digit of p(9)?
9
Let c(f) = 11*f + 5. Suppose 4*w - 19 + 7 = 0. What is the units digit of c(w)?
8
Let v(d) = 10*d**2. What is the tens digit of v(-2)?
4
Let f be (12 + -9)/(2/10). Let y be ((-2)/(-4))/(3/336). What is the units digit of (-5)/f + y/6?
9
Suppose 0 = 5*s - 2*t + 16, -3*s + 0*s - 3*t = -3. What is the units digit of 117/(-18)*s/1?
3
Let k be 3/(3/2) + 0. Let g = -8 + 12. What is the units digit of -2*k/g*-3?
3
Suppose -1360 = -30*v + 22*v. What is the hundreds digit of v?
1
What is the tens digit of 2*(-3)/(-6) - (-140 + -2)?
4
Suppose -7*z + 92 = -41. What is the units digit of z?
9
Let d = -79 + 84. What is the units digit of d?
5
Let c = -81 + 144. What is the tens digit of c?
6
Suppose -x = -r - r - 20, -3*x = -r - 50. Suppose -y - 5*j - 2 - 14 = 0, -5*y - j + x = 0. Let g(n) = n. What is the units digit of g(y)?
4
Let r be (2 + (-31)/(-2))*2. Let g(x) = x**2 - 4*x + 2. Let d be g(4). Suppose -d*k = -7*k + r. What is the units digit of k?
7
Suppose -c + 51 + 28 = 0. What is the tens digit of c?
7
Let p(t) = -t - 1. Let k be p(-5). Let s be (-2)/k - 31/(-2). Let z = s + -10. What is the units digit of z?
5
Let d(q) be the third derivative of q**6/120 + 2*q**5/15 + q**4/6 - q**3/6 - 3*q**2. What is the units digit of d(-7)?
0
Let l be (9/12)/((-2)/(-144)). Let a = l - 28. What is the units digit of (a/8)/(3/12)?
3
Suppose -w - 6 = -4*d + 4, -2*w - 2*d = -20. Let m be 0 + (-3)/(-1 + -2). Let c = w - m. What is the units digit of c?
5
Suppose -3*g - g = -48. Let o = -1 + g. What is the tens digit of o?
1
Let u(b) = b**3 + 9*b**2 - 8*b + 9. What is the units digit of u(-9)?
1
Let m(r) = 38*r + 12. What is the hundreds digit of m(5)?
2
Let g be -1 + (51 - (-3 + 3)). Let k = g + -28. What is the tens digit of k?
2
Let j = 8 - 4. Let d be 4/14 + (-2)/7. Suppose -j*w + 23 + 9 = d. What is the units digit of w?
8
Suppose 114 - 829 = -5*n. What is the tens digit of n?
4
What is the tens digit of (114/(-10))/(2/(-10)) - 3?
5
Let c = 43 - -73. What is the hundreds digit of c?
1
Let q(j) = j + 2. Let m be q(0). Suppose 3*s - m*s - 3 = 0. What is the units digit of s?
3
Let d(l) = l**2 - 8*l + 9. Suppose -c + 8 = 3*c. Let u be (-58)/(-8) - c/8. What is the units digit of d(u)?
2
Let l = 29 - -27. Suppose -4*m - 5*c + 57 = -11, 5*c - l = -3*m. What is the tens digit of m?
1
Let j(p) = -p + 12. Let b be j(5). Let a = -4 + b. What is the units digit of a?
3
Suppose 0 = -0*i + i - 70. What is the units digit of i?
0
Let t(z) = z**2 - 8*z + 49. What is the hundreds digit of t(17)?
2
What is the hundreds digit of ((-4)/(-10))/(4/1900)?
1
Suppose 0 = 6*f - 2*f - 324. What is the tens digit of f?
8
Suppose -13 = -2*b + b. Let u = b - 4. What is the units digit of u?
9
Suppose 2*z = -0*z + 3*c + 227, 2*z + 3*c - 209 = 0. What is the units digit of z?
9
Let m(y) = -y**2 + 12*y - 8. Let j be m(11). Suppose j*h = 3*d + 36, 0*h - 4*d = 2*h - 18. What is the tens digit of h?
1
Let q = 19 - 19. What is the units digit of ((-36)/(-15) - q)*15?
6
Let q = -1 - -3. Let g(j) = 2*j - 6 + 2*j**2 - j**2 + q. What is the units digit of g(-4)?
4
Let z(u) = u + 39. What is the tens digit of z(-21)?
1
Suppose -235 = t + 5*y, 2*t + 365 + 81 = 2*y. What is the tens digit of 6/21 - t/21?
1
Let b(l) = l**2 + l. Suppose 0 = d + 4*o + 13, d - 6 - 2 = 3*o. Let h(w) = w**2 - 5*w + 2. Let q(z) = d*h(z) + 2*b(z). What is the units digit of q(-8)?
6
Let u(h) = h - 13. Let q be u(13). Suppose -w + 5*m + 13 = 0, q = 5*w + 5*m - m - 36. What is th